{"id":27538,"date":"2026-02-10T14:02:22","date_gmt":"2026-02-10T14:02:22","guid":{"rendered":"https:\/\/beurswand.nl\/product\/marco-led-portatil-200-x-250-cm\/"},"modified":"2026-02-10T14:02:22","modified_gmt":"2026-02-10T14:02:22","slug":"marco-led-portatil-200-x-250-cm","status":"publish","type":"product","link":"https:\/\/beurswand.nl\/es\/product\/marco-led-portatil-200-x-250-cm\/","title":{"rendered":"Marco LED port\u00e1til \u2013 200 x 250 cm"},"content":{"rendered":"<p class=\"p3\">El Marco LED Port\u00e1til \u2013 200 \u00d7 250 cm es un marco LED extra alto y ancho con iluminaci\u00f3n de doble cara y un robusto perfil de aluminio de 14 cm. Con un ancho de 200 cm y una altura de 250 cm, puedes crear una superficie de presentaci\u00f3n impresionante que ofrece la m\u00e1xima visibilidad en ferias, en concesionarios o en eventos empresariales. Gracias a la iluminaci\u00f3n de bordes y a los estampados textiles SEG intercambiables, puedes presentar tu marca de forma clara y profesional en ambos lados.  <\/p>\n<hr>\n<h3><b>\u00bfPor qu\u00e9 elegir el Portav\u00edtil LED Frame 200 \u00d7 250 cm?<\/b><\/h3>\n<h4><b>Gran tama\u00f1o para m\u00e1ximo impacto<\/b><\/h4>\n<p class=\"p3\">Con una altura de 250 cm y un ancho generoso de 200 cm, este modelo es ideal para presentaciones de marcas potentes. La superficie extra proporciona espacio para im\u00e1genes grandes, im\u00e1genes a tama\u00f1o real o una imagen llamativa visible desde lejos. <\/p>\n<h4><b>Elecci\u00f3n del tipo de LED y configuraci\u00f3n de iluminaci\u00f3n<\/b><\/h4>\n<p class=\"p3\">Puedes elegir entre LED est\u00e1ndar o LED de potencia para una intensidad de luz m\u00e1s alta. Adem\u00e1s, determinas t\u00fa mismo la distribuci\u00f3n de la luz: izquierda y derecha, arriba e abajo o por todos lados. De este modo, la iluminaci\u00f3n encaja perfectamente con tu ubicaci\u00f3n y aplicaci\u00f3n.  <\/p>\n<h4><b>Estampados textiles intercambiables y de doble cara<\/b><\/h4>\n<p class=\"p3\">Los grabados se fabrican en textiles de alta calidad y se estiran firmemente en el marco mediante el Sistema de Borde de Silcio (SEG). Gracias a la tecnolog\u00eda de impresi\u00f3n por sublimaci\u00f3n, puedes disfrutar de colores intensos y detalles afilados como una navaja. Con una campa\u00f1a nueva, simplemente reemplazas las huellas mientras se conserva la construcci\u00f3n.  <\/p>\n<h4><b>Construcci\u00f3n duradera de aluminio<\/b><\/h4>\n<p class=\"p3\">El chasis est\u00e1 hecho de aluminio resistente y est\u00e1 montado con una llave Allen. El perfil de 14 cm proporciona estabilidad y una apariencia de alta calidad, incluso con esta versi\u00f3n m\u00e1s grande de 200 \u00d7 250 cm. <\/p>\n<hr>\n<h3><b>Aplicaciones<\/b><\/h3>\n<p class=\"p3\">El Portav\u00edtil LED Frame 200 \u00d7 250 cm es ideal como pared trasera para exposiciones, pared de presentaci\u00f3n o como una impresionante exposici\u00f3n independiente en salas de exposici\u00f3n y zonas de recepci\u00f3n. Gracias a su dise\u00f1o de doble cara, el modelo resulta especialmente eficaz en salas de exposici\u00f3n abiertas y entornos de gran tr\u00e1fico. <\/p>\n<hr>\n<h3><b>Especificaciones t\u00e9cnicas<\/b><\/h3>\n<ul>\n<li class=\"p3\"><strong>Ancho:<\/strong> 200 cm<\/li>\n<li class=\"p3\"><strong>Altura:<\/strong> 250 cm<\/li>\n<li class=\"p3\"><strong>Peso:<\/strong> 42,5 kg<\/li>\n<li class=\"p3\"><strong>Ancho de dibujo:<\/strong> 14 cm<\/li>\n<li class=\"p3\"><strong>Construcci\u00f3n:<\/strong> Aluminio (ALU)<\/li>\n<li class=\"p3\"><strong>Material de impresi\u00f3n:<\/strong> Textiles<\/li>\n<li class=\"p3\"><strong>T\u00e9cnica de impresi\u00f3n:<\/strong> Impresi\u00f3n de sublimaci\u00f3n<\/li>\n<li class=\"p3\"><strong>Iluminaci\u00f3n:<\/strong> Iluminaci\u00f3n de borde (LED o LED de potencia)<\/li>\n<li class=\"p3\"><strong>Opciones de luz:<\/strong> Izquierda-Derecha | Arriba-Abajo | 4 bandas<\/li>\n<li class=\"p3\"><strong>Tipo de impresi\u00f3n:<\/strong> Doble cara<\/li>\n<li class=\"p3\"><strong>Sistema:<\/strong> Sistema de Borde de Silicio (SEG)<\/li>\n<li class=\"p3\"><strong>Instalaci\u00f3n:<\/strong> Montaje con llave Allen<\/li>\n<\/ul>\n","protected":false},"excerpt":{"rendered":"<p class=\"p1\">El Marco LED Port\u00e1til \u2013 200 \u00d7 250 cm es un marco LED extra-alto, de doble cara, con perfil de aluminio de 14 cm y estampados textiles SEG intercambiables. Disponible con LED est\u00e1ndar o LED Power y m\u00faltiples configuraciones de iluminaci\u00f3n para m\u00e1xima visibilidad y presentaci\u00f3n profesional de la marca. <\/p>\n","protected":false},"featured_media":27540,"comment_status":"open","ping_status":"closed","template":"","meta":{"_acf_changed":false,"site-sidebar-layout":"default","site-content-layout":"","ast-site-content-layout":"default","site-content-style":"default","site-sidebar-style":"default","ast-global-header-display":"","ast-banner-title-visibility":"","ast-main-header-display":"","ast-hfb-above-header-display":"","ast-hfb-below-header-display":"","ast-hfb-mobile-header-display":"","site-post-title":"","ast-breadcrumbs-content":"","ast-featured-img":"","footer-sml-layout":"","ast-disable-related-posts":"","theme-transparent-header-meta":"default","adv-header-id-meta":"","stick-header-meta":"default","header-above-stick-meta":"","header-main-stick-meta":"","header-below-stick-meta":"","astra-migrate-meta-layouts":"default","ast-page-background-enabled":"default","ast-page-background-meta":{"desktop":{"background-color":"","background-image":"","background-repeat":"repeat","background-position":"center center","background-size":"auto","background-attachment":"scroll","background-type":"","background-media":"","overlay-type":"","overlay-color":"","overlay-opacity":"","overlay-gradient":""},"tablet":{"background-color":"","background-image":"","background-repeat":"repeat","background-position":"center center","background-size":"auto","background-attachment":"scroll","background-type":"","background-media":"","overlay-type":"","overlay-color":"","overlay-opacity":"","overlay-gradient":""},"mobile":{"background-color":"","background-image":"","background-repeat":"repeat","background-position":"center center","background-size":"auto","background-attachment":"scroll","background-type":"","background-media":"","overlay-type":"","overlay-color":"","overlay-opacity":"","overlay-gradient":""}},"ast-content-background-meta":{"desktop":{"background-color":"var(--ast-global-color-5)","background-image":"","background-repeat":"repeat","background-position":"center center","background-size":"auto","background-attachment":"scroll","background-type":"","background-media":"","overlay-type":"","overlay-color":"","overlay-opacity":"","overlay-gradient":""},"tablet":{"background-color":"var(--ast-global-color-5)","background-image":"","background-repeat":"repeat","background-position":"center center","background-size":"auto","background-attachment":"scroll","background-type":"","background-media":"","overlay-type":"","overlay-color":"","overlay-opacity":"","overlay-gradient":""},"mobile":{"background-color":"var(--ast-global-color-5)","background-image":"","background-repeat":"repeat","background-position":"center center","background-size":"auto","background-attachment":"scroll","background-type":"","background-media":"","overlay-type":"","overlay-color":"","overlay-opacity":"","overlay-gradient":""}}},"afmeting":[761],"breedte":[],"design-oppervlakte":[],"design-opstelling":[],"design-optie":[745],"diepte":[],"oppervlakte":[],"opstelling":[],"optie":[],"pijler":[837],"product_brand":[],"product_cat":[716],"product_tag":[],"class_list":["post-27538","product","type-product","status-publish","has-post-thumbnail","afmeting-200-x-250-cm","design-optie-lmd-modular","pijler-portable-led-frames","product_cat-sin-categorizar","desktop-align-left","tablet-align-left","mobile-align-left","first","instock","shipping-taxable","product-type-variable","has-default-attributes"],"acf":[],"_links":{"self":[{"href":"https:\/\/beurswand.nl\/es\/wp-json\/wp\/v2\/product\/27538","targetHints":{"allow":["GET"]}}],"collection":[{"href":"https:\/\/beurswand.nl\/es\/wp-json\/wp\/v2\/product"}],"about":[{"href":"https:\/\/beurswand.nl\/es\/wp-json\/wp\/v2\/types\/product"}],"replies":[{"embeddable":true,"href":"https:\/\/beurswand.nl\/es\/wp-json\/wp\/v2\/comments?post=27538"}],"version-history":[{"count":0,"href":"https:\/\/beurswand.nl\/es\/wp-json\/wp\/v2\/product\/27538\/revisions"}],"wp:featuredmedia":[{"embeddable":true,"href":"https:\/\/beurswand.nl\/es\/wp-json\/wp\/v2\/media\/27540"}],"wp:attachment":[{"href":"https:\/\/beurswand.nl\/es\/wp-json\/wp\/v2\/media?parent=27538"}],"wp:term":[{"taxonomy":"afmeting","embeddable":true,"href":"https:\/\/beurswand.nl\/es\/wp-json\/wp\/v2\/afmeting?post=27538"},{"taxonomy":"breedte","embeddable":true,"href":"https:\/\/beurswand.nl\/es\/wp-json\/wp\/v2\/breedte?post=27538"},{"taxonomy":"design-oppervlakte","embeddable":true,"href":"https:\/\/beurswand.nl\/es\/wp-json\/wp\/v2\/design-oppervlakte?post=27538"},{"taxonomy":"design-opstelling","embeddable":true,"href":"https:\/\/beurswand.nl\/es\/wp-json\/wp\/v2\/design-opstelling?post=27538"},{"taxonomy":"design-optie","embeddable":true,"href":"https:\/\/beurswand.nl\/es\/wp-json\/wp\/v2\/design-optie?post=27538"},{"taxonomy":"diepte","embeddable":true,"href":"https:\/\/beurswand.nl\/es\/wp-json\/wp\/v2\/diepte?post=27538"},{"taxonomy":"oppervlakte","embeddable":true,"href":"https:\/\/beurswand.nl\/es\/wp-json\/wp\/v2\/oppervlakte?post=27538"},{"taxonomy":"opstelling","embeddable":true,"href":"https:\/\/beurswand.nl\/es\/wp-json\/wp\/v2\/opstelling?post=27538"},{"taxonomy":"optie","embeddable":true,"href":"https:\/\/beurswand.nl\/es\/wp-json\/wp\/v2\/optie?post=27538"},{"taxonomy":"pijler","embeddable":true,"href":"https:\/\/beurswand.nl\/es\/wp-json\/wp\/v2\/pijler?post=27538"},{"taxonomy":"product_brand","embeddable":true,"href":"https:\/\/beurswand.nl\/es\/wp-json\/wp\/v2\/product_brand?post=27538"},{"taxonomy":"product_cat","embeddable":true,"href":"https:\/\/beurswand.nl\/es\/wp-json\/wp\/v2\/product_cat?post=27538"},{"taxonomy":"product_tag","embeddable":true,"href":"https:\/\/beurswand.nl\/es\/wp-json\/wp\/v2\/product_tag?post=27538"}],"curies":[{"name":"wp","href":"https:\/\/api.w.org\/{rel}","templated":true}]}}

Marco LED portátil – 200 x 250 cm

<p class="p3">El Marco LED Portátil – 200 × 250 cm es un marco LED extra alto y ancho con iluminación de doble cara y un robusto perfil de aluminio de 14 cm. Con un ancho de 200 cm y una altura de 250 cm, puedes crear una superficie de presentación impresionante que ofrece la máxima visibilidad en ferias, en concesionarios o en eventos empresariales. Gracias a la iluminación de bordes y a los estampados textiles SEG intercambiables, puedes presentar tu marca de forma clara y profesional en ambos lados.  </p>
<hr>
<h3><b>¿Por qué elegir el Portavítil LED Frame 200 × 250 cm?</b></h3>
<h4><b>Gran tamaño para máximo impacto</b></h4>
<p class="p3">Con una altura de 250 cm y un ancho generoso de 200 cm, este modelo es ideal para presentaciones de marcas potentes. La superficie extra proporciona espacio para imágenes grandes, imágenes a tamaño real o una imagen llamativa visible desde lejos. </p>
<h4><b>Elección del tipo de LED y configuración de iluminación</b></h4>
<p class="p3">Puedes elegir entre LED estándar o LED de potencia para una intensidad de luz más alta. Además, determinas tú mismo la distribución de la luz: izquierda y derecha, arriba e abajo o por todos lados. De este modo, la iluminación encaja perfectamente con tu ubicación y aplicación.  </p>
<h4><b>Estampados textiles intercambiables y de doble cara</b></h4>
<p class="p3">Los grabados se fabrican en textiles de alta calidad y se estiran firmemente en el marco mediante el Sistema de Borde de Silcio (SEG). Gracias a la tecnología de impresión por sublimación, puedes disfrutar de colores intensos y detalles afilados como una navaja. Con una campaña nueva, simplemente reemplazas las huellas mientras se conserva la construcción.  </p>
<h4><b>Construcción duradera de aluminio</b></h4>
<p class="p3">El chasis está hecho de aluminio resistente y está montado con una llave Allen. El perfil de 14 cm proporciona estabilidad y una apariencia de alta calidad, incluso con esta versión más grande de 200 × 250 cm. </p>
<hr>
<h3><b>Aplicaciones</b></h3>
<p class="p3">El Portavítil LED Frame 200 × 250 cm es ideal como pared trasera para exposiciones, pared de presentación o como una impresionante exposición independiente en salas de exposición y zonas de recepción. Gracias a su diseño de doble cara, el modelo resulta especialmente eficaz en salas de exposición abiertas y entornos de gran tráfico. </p>
<hr>
<h3><b>Especificaciones técnicas</b></h3>
<ul>
<li class="p3"><strong>Ancho:</strong> 200 cm</li>
<li class="p3"><strong>Altura:</strong> 250 cm</li>
<li class="p3"><strong>Peso:</strong> 42,5 kg</li>
<li class="p3"><strong>Ancho de dibujo:</strong> 14 cm</li>
<li class="p3"><strong>Construcción:</strong> Aluminio (ALU)</li>
<li class="p3"><strong>Material de impresión:</strong> Textiles</li>
<li class="p3"><strong>Técnica de impresión:</strong> Impresión de sublimación</li>
<li class="p3"><strong>Iluminación:</strong> Iluminación de borde (LED o LED de potencia)</li>
<li class="p3"><strong>Opciones de luz:</strong> Izquierda-Derecha | Arriba-Abajo | 4 bandas</li>
<li class="p3"><strong>Tipo de impresión:</strong> Doble cara</li>
<li class="p3"><strong>Sistema:</strong> Sistema de Borde de Silicio (SEG)</li>
<li class="p3"><strong>Instalación:</strong> Montaje con llave Allen</li>
</ul>

<p class="p1">El Marco LED Portátil – 200 × 250 cm es un marco LED extra-alto, de doble cara, con perfil de aluminio de 14 cm y estampados textiles SEG intercambiables. Disponible con LED estándar o LED Power y múltiples configuraciones de iluminación para máxima visibilidad y presentación profesional de la marca. </p>
