{"id":27438,"date":"2026-02-10T13:37:48","date_gmt":"2026-02-10T13:37:48","guid":{"rendered":"https:\/\/beurswand.nl\/product\/compteur-led-portable-expo-150-x-100-cm\/"},"modified":"2026-02-10T13:37:48","modified_gmt":"2026-02-10T13:37:48","slug":"compteur-led-portable-expo-150-x-100-cm","status":"publish","type":"product","link":"https:\/\/beurswand.nl\/fr\/product\/compteur-led-portable-expo-150-x-100-cm\/","title":{"rendered":"Compteur LED portable - Expo 150 x 100 cm"},"content":{"rendered":"<p class=\"p3\">Le comptoir LED portable \u2013 Expo 150 \u00d7 100 cm est un bureau promotionnel spacieux et \u00e9clair\u00e9 avec r\u00e9tro\u00e9clairage LED int\u00e9gr\u00e9. Avec une largeur de 150 cm, une hauteur de 95 cm et une profondeur de 40 cm, cette version offre un espace de travail suppl\u00e9mentaire et une plus grande surface visible d\u2019impression. Id\u00e9al pour les foires, \u00e9v\u00e9nements et actions promotionnelles o\u00f9 l\u2019on souhaite combiner visibilit\u00e9 maximale avec confort et fonctionnalit\u00e9.  <\/p>\n<hr>\n<h3><b>Pourquoi choisir l\u2019Expo 150 \u00d7 100 cm ?<\/b><\/h3>\n<h4><b>Avant extra-large avec \u00e9clairage LED puissant<\/b><\/h4>\n<p class=\"p3\">Gr\u00e2ce \u00e0 l\u2019avant plus large, vous avez une surface d\u2019impression plus grande et \u00e9clair\u00e9e, ce qui fait ressortir encore plus votre image de marque. Le contre-\u00e9clairage LED int\u00e9gr\u00e9 assure une illumination uniforme et vive de l\u2019imprim\u00e9 textile simple face \u00e0 une seule face, sans ombres ni taches lumineuses. <\/p>\n<h4><b>Construction robuste avec un espace de stockage pratique<\/b><\/h4>\n<p class=\"p3\">Le plan de travail est compos\u00e9 d\u2019une combinaison d\u2019aluminium et de panneaux de mobilier (MDF), ce qui assure stabilit\u00e9 et une apparence de haute qualit\u00e9. Le plan de travail offre une charge maximale de 20 kg et convient aux ordinateurs portables, brochures ou pr\u00e9sentations de produits. L\u2019\u00e9tag\u00e8re int\u00e9rieure offre un espace suppl\u00e9mentaire pour ranger soigneusement les mat\u00e9riaux.  <\/p>\n<h4><b>Montage rapide sans outils<\/b><\/h4>\n<p class=\"p3\">Le compteur LED portable est con\u00e7u pour un montage intuitif et sans outils. Le comptoir est enti\u00e8rement install\u00e9 en quelques minutes. Apr\u00e8s utilisation, il suffit de d\u00e9monter le syst\u00e8me et de le transporter dans le sac \u00e0 souples inclus.  <\/p>\n<h4><b>Durable et r\u00e9utilisable avec impression SEG<\/b><\/h4>\n<p class=\"p3\">Le Silicon Edge System (SEG) assure un imprim\u00e9 textile tr\u00e8s tendu dans le cadre en aluminium. Gr\u00e2ce \u00e0 l\u2019impression sublimation, vous pouvez profiter de couleurs profondes et de d\u00e9tails nets. Avec une nouvelle campagne, vous ne remplacez simplement que l\u2019impression, de sorte que le compteur reste utilisable longtemps.  <\/p>\n<hr>\n<h3><b>Applications<\/b><\/h3>\n<p class=\"p3\">L\u2019Expo 150 \u00d7 100 cm est id\u00e9ale comme bureau d\u2019accueil lors des foires, point d\u2019inscription lors de conf\u00e9rences, bureau de promotion dans les centres commerciaux ou comme point de service professionnel dans les salles d\u2019exposition et r\u00e9ceptions. La largeur suppl\u00e9mentaire rend cette version particuli\u00e8rement adapt\u00e9e aux espaces de gradins plus grands. <\/p>\n<hr>\n<h3><b>Sp\u00e9cifications techniques<\/b><\/h3>\n<ul>\n<li class=\"p3\"><strong>Largeur :<\/strong> 150 cm<\/li>\n<li class=\"p3\"><strong>Hauteur :<\/strong> 95 cm<\/li>\n<li class=\"p3\"><strong>Profondeur :<\/strong> 40 cm<\/li>\n<li class=\"p3\"><strong>Poids :<\/strong> 26,5 kg<\/li>\n<li class=\"p3\"><strong>Charge maximale :<\/strong> 20 kg<\/li>\n<li class=\"p3\"><strong>Construction :<\/strong> Aluminium (ALU) et panneaux de mobilier (MDF)<\/li>\n<li class=\"p3\"><strong>Mat\u00e9riel d\u2019impression :<\/strong> Textiles<\/li>\n<li class=\"p3\"><strong>Technique d\u2019impression :<\/strong> Impression par sublimation<\/li>\n<li class=\"p3\"><strong>Type d\u2019impression :<\/strong> Simple face<\/li>\n<li class=\"p3\"><strong>\u00c9clairage :<\/strong> \u00c9clairage arri\u00e8re LED<\/li>\n<li class=\"p3\"><strong>Syst\u00e8me :<\/strong> Syst\u00e8me de bord en silicium (SEG)<\/li>\n<li class=\"p3\"><strong>\u00c9tag\u00e8re interne :<\/strong> Inclus<\/li>\n<li class=\"p3\"><strong>Installation :<\/strong> Sans outil<\/li>\n<li class=\"p3\"><strong>Transport :<\/strong> Sac souple inclus<\/li>\n<\/ul>\n","protected":false},"excerpt":{"rendered":"<p class=\"p1\">Le comptoir LED portable \u2013 Expo 150 \u00d7 100 cm est un plan promotionnel extra-large et \u00e9clair\u00e9 avec un imprim\u00e9 textile SEG face simple, \u00e9tag\u00e8re interne et assemblage sans outils. Avec une largeur de 150 cm et un r\u00e9tro\u00e9clairage LED int\u00e9gr\u00e9, ce comptoir offre une visibilit\u00e9 et un espace de travail maximaux pour les salons et \u00e9v\u00e9nements. <\/p>\n","protected":false},"featured_media":27450,"comment_status":"open","ping_status":"closed","template":"","meta":{"_acf_changed":false,"site-sidebar-layout":"default","site-content-layout":"","ast-site-content-layout":"default","site-content-style":"default","site-sidebar-style":"default","ast-global-header-display":"","ast-banner-title-visibility":"","ast-main-header-display":"","ast-hfb-above-header-display":"","ast-hfb-below-header-display":"","ast-hfb-mobile-header-display":"","site-post-title":"","ast-breadcrumbs-content":"","ast-featured-img":"","footer-sml-layout":"","ast-disable-related-posts":"","theme-transparent-header-meta":"default","adv-header-id-meta":"","stick-header-meta":"default","header-above-stick-meta":"","header-main-stick-meta":"","header-below-stick-meta":"","astra-migrate-meta-layouts":"default","ast-page-background-enabled":"default","ast-page-background-meta":{"desktop":{"background-color":"","background-image":"","background-repeat":"repeat","background-position":"center center","background-size":"auto","background-attachment":"scroll","background-type":"","background-media":"","overlay-type":"","overlay-color":"","overlay-opacity":"","overlay-gradient":""},"tablet":{"background-color":"","background-image":"","background-repeat":"repeat","background-position":"center center","background-size":"auto","background-attachment":"scroll","background-type":"","background-media":"","overlay-type":"","overlay-color":"","overlay-opacity":"","overlay-gradient":""},"mobile":{"background-color":"","background-image":"","background-repeat":"repeat","background-position":"center center","background-size":"auto","background-attachment":"scroll","background-type":"","background-media":"","overlay-type":"","overlay-color":"","overlay-opacity":"","overlay-gradient":""}},"ast-content-background-meta":{"desktop":{"background-color":"var(--ast-global-color-5)","background-image":"","background-repeat":"repeat","background-position":"center center","background-size":"auto","background-attachment":"scroll","background-type":"","background-media":"","overlay-type":"","overlay-color":"","overlay-opacity":"","overlay-gradient":""},"tablet":{"background-color":"var(--ast-global-color-5)","background-image":"","background-repeat":"repeat","background-position":"center center","background-size":"auto","background-attachment":"scroll","background-type":"","background-media":"","overlay-type":"","overlay-color":"","overlay-opacity":"","overlay-gradient":""},"mobile":{"background-color":"var(--ast-global-color-5)","background-image":"","background-repeat":"repeat","background-position":"center center","background-size":"auto","background-attachment":"scroll","background-type":"","background-media":"","overlay-type":"","overlay-color":"","overlay-opacity":"","overlay-gradient":""}}},"afmeting":[721],"breedte":[],"design-oppervlakte":[],"design-opstelling":[],"design-optie":[],"diepte":[],"oppervlakte":[],"opstelling":[],"optie":[724,723,722],"pijler":[835],"product_brand":[],"product_cat":[725],"product_tag":[],"class_list":["post-27438","product","type-product","status-publish","has-post-thumbnail","afmeting-150-x-100-cm","optie-etagere-interne","optie-impression-simple-face","optie-lumieres-led","pijler-portable-led-balies","product_cat-non-categorisee","desktop-align-left","tablet-align-left","mobile-align-left","first","instock","shipping-taxable","product-type-simple"],"acf":[],"_links":{"self":[{"href":"https:\/\/beurswand.nl\/fr\/wp-json\/wp\/v2\/product\/27438","targetHints":{"allow":["GET"]}}],"collection":[{"href":"https:\/\/beurswand.nl\/fr\/wp-json\/wp\/v2\/product"}],"about":[{"href":"https:\/\/beurswand.nl\/fr\/wp-json\/wp\/v2\/types\/product"}],"replies":[{"embeddable":true,"href":"https:\/\/beurswand.nl\/fr\/wp-json\/wp\/v2\/comments?post=27438"}],"version-history":[{"count":0,"href":"https:\/\/beurswand.nl\/fr\/wp-json\/wp\/v2\/product\/27438\/revisions"}],"wp:featuredmedia":[{"embeddable":true,"href":"https:\/\/beurswand.nl\/fr\/wp-json\/wp\/v2\/media\/27450"}],"wp:attachment":[{"href":"https:\/\/beurswand.nl\/fr\/wp-json\/wp\/v2\/media?parent=27438"}],"wp:term":[{"taxonomy":"afmeting","embeddable":true,"href":"https:\/\/beurswand.nl\/fr\/wp-json\/wp\/v2\/afmeting?post=27438"},{"taxonomy":"breedte","embeddable":true,"href":"https:\/\/beurswand.nl\/fr\/wp-json\/wp\/v2\/breedte?post=27438"},{"taxonomy":"design-oppervlakte","embeddable":true,"href":"https:\/\/beurswand.nl\/fr\/wp-json\/wp\/v2\/design-oppervlakte?post=27438"},{"taxonomy":"design-opstelling","embeddable":true,"href":"https:\/\/beurswand.nl\/fr\/wp-json\/wp\/v2\/design-opstelling?post=27438"},{"taxonomy":"design-optie","embeddable":true,"href":"https:\/\/beurswand.nl\/fr\/wp-json\/wp\/v2\/design-optie?post=27438"},{"taxonomy":"diepte","embeddable":true,"href":"https:\/\/beurswand.nl\/fr\/wp-json\/wp\/v2\/diepte?post=27438"},{"taxonomy":"oppervlakte","embeddable":true,"href":"https:\/\/beurswand.nl\/fr\/wp-json\/wp\/v2\/oppervlakte?post=27438"},{"taxonomy":"opstelling","embeddable":true,"href":"https:\/\/beurswand.nl\/fr\/wp-json\/wp\/v2\/opstelling?post=27438"},{"taxonomy":"optie","embeddable":true,"href":"https:\/\/beurswand.nl\/fr\/wp-json\/wp\/v2\/optie?post=27438"},{"taxonomy":"pijler","embeddable":true,"href":"https:\/\/beurswand.nl\/fr\/wp-json\/wp\/v2\/pijler?post=27438"},{"taxonomy":"product_brand","embeddable":true,"href":"https:\/\/beurswand.nl\/fr\/wp-json\/wp\/v2\/product_brand?post=27438"},{"taxonomy":"product_cat","embeddable":true,"href":"https:\/\/beurswand.nl\/fr\/wp-json\/wp\/v2\/product_cat?post=27438"},{"taxonomy":"product_tag","embeddable":true,"href":"https:\/\/beurswand.nl\/fr\/wp-json\/wp\/v2\/product_tag?post=27438"}],"curies":[{"name":"wp","href":"https:\/\/api.w.org\/{rel}","templated":true}]}}

<p class="p3">Le comptoir LED portable – Expo 150 × 100 cm est un bureau promotionnel spacieux et éclairé avec rétroéclairage LED intégré. Avec une largeur de 150 cm, une hauteur de 95 cm et une profondeur de 40 cm, cette version offre un espace de travail supplémentaire et une plus grande surface visible d’impression. Idéal pour les foires, événements et actions promotionnelles où l’on souhaite combiner visibilité maximale avec confort et fonctionnalité.  </p>
<hr>
<h3><b>Pourquoi choisir l’Expo 150 × 100 cm ?</b></h3>
<h4><b>Avant extra-large avec éclairage LED puissant</b></h4>
<p class="p3">Grâce à l’avant plus large, vous avez une surface d’impression plus grande et éclairée, ce qui fait ressortir encore plus votre image de marque. Le contre-éclairage LED intégré assure une illumination uniforme et vive de l’imprimé textile simple face à une seule face, sans ombres ni taches lumineuses. </p>
<h4><b>Construction robuste avec un espace de stockage pratique</b></h4>
<p class="p3">Le plan de travail est composé d’une combinaison d’aluminium et de panneaux de mobilier (MDF), ce qui assure stabilité et une apparence de haute qualité. Le plan de travail offre une charge maximale de 20 kg et convient aux ordinateurs portables, brochures ou présentations de produits. L’étagère intérieure offre un espace supplémentaire pour ranger soigneusement les matériaux.  </p>
<h4><b>Montage rapide sans outils</b></h4>
<p class="p3">Le compteur LED portable est conçu pour un montage intuitif et sans outils. Le comptoir est entièrement installé en quelques minutes. Après utilisation, il suffit de démonter le système et de le transporter dans le sac à souples inclus.  </p>
<h4><b>Durable et réutilisable avec impression SEG</b></h4>
<p class="p3">Le Silicon Edge System (SEG) assure un imprimé textile très tendu dans le cadre en aluminium. Grâce à l’impression sublimation, vous pouvez profiter de couleurs profondes et de détails nets. Avec une nouvelle campagne, vous ne remplacez simplement que l’impression, de sorte que le compteur reste utilisable longtemps.  </p>
<hr>
<h3><b>Applications</b></h3>
<p class="p3">L’Expo 150 × 100 cm est idéale comme bureau d’accueil lors des foires, point d’inscription lors de conférences, bureau de promotion dans les centres commerciaux ou comme point de service professionnel dans les salles d’exposition et réceptions. La largeur supplémentaire rend cette version particulièrement adaptée aux espaces de gradins plus grands. </p>
<hr>
<h3><b>Spécifications techniques</b></h3>
<ul>
<li class="p3"><strong>Largeur :</strong> 150 cm</li>
<li class="p3"><strong>Hauteur :</strong> 95 cm</li>
<li class="p3"><strong>Profondeur :</strong> 40 cm</li>
<li class="p3"><strong>Poids :</strong> 26,5 kg</li>
<li class="p3"><strong>Charge maximale :</strong> 20 kg</li>
<li class="p3"><strong>Construction :</strong> Aluminium (ALU) et panneaux de mobilier (MDF)</li>
<li class="p3"><strong>Matériel d’impression :</strong> Textiles</li>
<li class="p3"><strong>Technique d’impression :</strong> Impression par sublimation</li>
<li class="p3"><strong>Type d’impression :</strong> Simple face</li>
<li class="p3"><strong>Éclairage :</strong> Éclairage arrière LED</li>
<li class="p3"><strong>Système :</strong> Système de bord en silicium (SEG)</li>
<li class="p3"><strong>Étagère interne :</strong> Inclus</li>
<li class="p3"><strong>Installation :</strong> Sans outil</li>
<li class="p3"><strong>Transport :</strong> Sac souple inclus</li>
</ul>

<p class="p1">Le comptoir LED portable – Expo 150 × 100 cm est un plan promotionnel extra-large et éclairé avec un imprimé textile SEG face simple, étagère interne et assemblage sans outils. Avec une largeur de 150 cm et un rétroéclairage LED intégré, ce comptoir offre une visibilité et un espace de travail maximaux pour les salons et événements. </p>
