{"id":27535,"date":"2026-02-10T13:54:18","date_gmt":"2026-02-10T13:54:18","guid":{"rendered":"https:\/\/beurswand.nl\/product\/cadre-led-portable-150-x-250-cm\/"},"modified":"2026-02-10T13:54:18","modified_gmt":"2026-02-10T13:54:18","slug":"cadre-led-portable-150-x-250-cm","status":"publish","type":"product","link":"https:\/\/beurswand.nl\/fr\/product\/cadre-led-portable-150-x-250-cm\/","title":{"rendered":"Cadre LED portable - 150 x 250 cm"},"content":{"rendered":"<p class=\"p3\">Le cadre LED portable \u2013 150 \u00d7 250 cm est un cadre LED double face extra haut avec un profil en aluminium \u00e9l\u00e9gant de 14 cm. Avec une largeur de 150 cm et une hauteur de 250 cm, vous cr\u00e9ez un mur visuel puissant qui ressort de loin. Gr\u00e2ce \u00e0 l\u2019\u00e9clairage des bords et aux imprim\u00e9s textiles SEG interchangeables, vous pouvez pr\u00e9senter votre marque de fa\u00e7on lumineuse, professionnelle et uniform\u00e9ment \u00e9clair\u00e9e des deux c\u00f4t\u00e9s.  <\/p>\n<hr>\n<h3><b>Pourquoi choisir le cadre LED portable 150 \u00d7 250 cm ?<\/b><\/h3>\n<h4><b>Hauteur suppl\u00e9mentaire pour un impact maximal<\/b><\/h4>\n<p class=\"p3\">Avec une hauteur de 250 cm, ce mod\u00e8le est id\u00e9al pour les environnements o\u00f9 la visibilit\u00e9 \u00e0 longue distance est importante. L\u2019espace vertical suppl\u00e9mentaire permet d\u2019appliquer des visuels puissants, des images de produits en taille r\u00e9elle ou un branding impressionnant. <\/p>\n<h4><b>Choix du type de LED et de la position de la lumi\u00e8re<\/b><\/h4>\n<p class=\"p3\">Vous pouvez choisir entre une LED standard ou une LED Power pour une intensit\u00e9 lumineuse suppl\u00e9mentaire. De plus, vous d\u00e9terminez vous-m\u00eame la configuration des lumi\u00e8res : gauche et droite, haut et bas ou tout autour sur quatre c\u00f4t\u00e9s. Ainsi, l\u2019\u00e9clairage est adapt\u00e9 \u00e0 votre application et \u00e0 votre emplacement.  <\/p>\n<h4><b>Imprim\u00e9s textiles double face et interchangeables<\/b><\/h4>\n<p class=\"p3\">Les estampes sont r\u00e9alis\u00e9es sur des textiles de haute qualit\u00e9 et finies avec le syst\u00e8me Silicon Edge System (SEG). Gr\u00e2ce \u00e0 l\u2019impression sublimation, vous pouvez profiter de couleurs profondes et de d\u00e9tails nets. Avec une nouvelle campagne, il suffit de remplacer les tirages sans remplacer le cadre.  <\/p>\n<h4><b>Construction en aluminium durable<\/b><\/h4>\n<p class=\"p3\">Le cadre est en aluminium robuste et est mont\u00e9 avec une cl\u00e9 Allen. Le profil de 14 cm garantit stabilit\u00e9 et une apparence de haute qualit\u00e9, m\u00eame avec cette version sup\u00e9rieure de 250 cm. <\/p>\n<hr>\n<h3><b>Applications<\/b><\/h3>\n<p class=\"p3\">Le cadre LED portable 150 \u00d7 250 cm convient particuli\u00e8rement comme mur arri\u00e8re pour une foire commerciale, arri\u00e8re-plan pour enceintes ou comme exposition accrocheuse dans les showrooms et les environnements professionnels. Gr\u00e2ce \u00e0 son design double face, le cadre est id\u00e9al pour un placement autonome dans les espaces ouverts. <\/p>\n<hr>\n<h3><b>Sp\u00e9cifications techniques<\/b><\/h3>\n<ul>\n<li class=\"p3\"><strong>Largeur :<\/strong> 150 cm<\/li>\n<li class=\"p3\"><strong>Hauteur :<\/strong> 250 cm<\/li>\n<li class=\"p3\"><strong>Poids :<\/strong> 36 kg<\/li>\n<li class=\"p3\"><strong>Largeur de la bande de bande de bande :<\/strong> 14 cm<\/li>\n<li class=\"p3\"><strong>Construction :<\/strong> Aluminium (ALU)<\/li>\n<li class=\"p3\"><strong>Mat\u00e9riel d\u2019impression :<\/strong> Textiles<\/li>\n<li class=\"p3\"><strong>Technique d\u2019impression :<\/strong> Impression par sublimation<\/li>\n<li class=\"p3\"><strong>\u00c9clairage :<\/strong> \u00c9clairage de bord (LED ou LED Power)<\/li>\n<li class=\"p3\"><strong>Options d\u2019\u00e9clairage :<\/strong> Gauche-Droite | De haut en bas | 4 Faces<\/li>\n<li class=\"p3\"><strong>Type d\u2019impression :<\/strong> Double face<\/li>\n<li class=\"p3\"><strong>Syst\u00e8me :<\/strong> Syst\u00e8me de bord en silicium (SEG)<\/li>\n<li class=\"p3\"><strong>Installation :<\/strong> Assemblage avec cl\u00e9 Allen<\/li>\n<\/ul>\n","protected":false},"excerpt":{"rendered":"<p>Le cadre LED portable \u2013 150 \u00d7 250 cm est un cadre LED extra-haut \u00e0 double face avec un profil aluminium de 14 cm et des imprim\u00e9s textiles SEG interchangeables. Disponible avec LED standard ou LED Power et plusieurs configurations lumineuses pour une visibilit\u00e9 maximale lors des salons professionnels et \u00e9v\u00e9nements. <\/p>\n","protected":false},"featured_media":27537,"comment_status":"open","ping_status":"closed","template":"","meta":{"_acf_changed":false,"site-sidebar-layout":"default","site-content-layout":"","ast-site-content-layout":"default","site-content-style":"default","site-sidebar-style":"default","ast-global-header-display":"","ast-banner-title-visibility":"","ast-main-header-display":"","ast-hfb-above-header-display":"","ast-hfb-below-header-display":"","ast-hfb-mobile-header-display":"","site-post-title":"","ast-breadcrumbs-content":"","ast-featured-img":"","footer-sml-layout":"","ast-disable-related-posts":"","theme-transparent-header-meta":"default","adv-header-id-meta":"","stick-header-meta":"default","header-above-stick-meta":"","header-main-stick-meta":"","header-below-stick-meta":"","astra-migrate-meta-layouts":"default","ast-page-background-enabled":"default","ast-page-background-meta":{"desktop":{"background-color":"","background-image":"","background-repeat":"repeat","background-position":"center center","background-size":"auto","background-attachment":"scroll","background-type":"","background-media":"","overlay-type":"","overlay-color":"","overlay-opacity":"","overlay-gradient":""},"tablet":{"background-color":"","background-image":"","background-repeat":"repeat","background-position":"center center","background-size":"auto","background-attachment":"scroll","background-type":"","background-media":"","overlay-type":"","overlay-color":"","overlay-opacity":"","overlay-gradient":""},"mobile":{"background-color":"","background-image":"","background-repeat":"repeat","background-position":"center center","background-size":"auto","background-attachment":"scroll","background-type":"","background-media":"","overlay-type":"","overlay-color":"","overlay-opacity":"","overlay-gradient":""}},"ast-content-background-meta":{"desktop":{"background-color":"var(--ast-global-color-5)","background-image":"","background-repeat":"repeat","background-position":"center center","background-size":"auto","background-attachment":"scroll","background-type":"","background-media":"","overlay-type":"","overlay-color":"","overlay-opacity":"","overlay-gradient":""},"tablet":{"background-color":"var(--ast-global-color-5)","background-image":"","background-repeat":"repeat","background-position":"center center","background-size":"auto","background-attachment":"scroll","background-type":"","background-media":"","overlay-type":"","overlay-color":"","overlay-opacity":"","overlay-gradient":""},"mobile":{"background-color":"var(--ast-global-color-5)","background-image":"","background-repeat":"repeat","background-position":"center center","background-size":"auto","background-attachment":"scroll","background-type":"","background-media":"","overlay-type":"","overlay-color":"","overlay-opacity":"","overlay-gradient":""}}},"afmeting":[760],"breedte":[],"design-oppervlakte":[],"design-opstelling":[],"design-optie":[752],"diepte":[],"oppervlakte":[],"opstelling":[],"optie":[],"pijler":[839],"product_brand":[],"product_cat":[725],"product_tag":[],"class_list":["post-27535","product","type-product","status-publish","has-post-thumbnail","afmeting-150-x-250-cm","design-optie-lmd-modulaire","pijler-portable-led-frames","product_cat-non-categorisee","desktop-align-left","tablet-align-left","mobile-align-left","first","instock","shipping-taxable","product-type-variable"],"acf":[],"_links":{"self":[{"href":"https:\/\/beurswand.nl\/fr\/wp-json\/wp\/v2\/product\/27535","targetHints":{"allow":["GET"]}}],"collection":[{"href":"https:\/\/beurswand.nl\/fr\/wp-json\/wp\/v2\/product"}],"about":[{"href":"https:\/\/beurswand.nl\/fr\/wp-json\/wp\/v2\/types\/product"}],"replies":[{"embeddable":true,"href":"https:\/\/beurswand.nl\/fr\/wp-json\/wp\/v2\/comments?post=27535"}],"version-history":[{"count":0,"href":"https:\/\/beurswand.nl\/fr\/wp-json\/wp\/v2\/product\/27535\/revisions"}],"wp:featuredmedia":[{"embeddable":true,"href":"https:\/\/beurswand.nl\/fr\/wp-json\/wp\/v2\/media\/27537"}],"wp:attachment":[{"href":"https:\/\/beurswand.nl\/fr\/wp-json\/wp\/v2\/media?parent=27535"}],"wp:term":[{"taxonomy":"afmeting","embeddable":true,"href":"https:\/\/beurswand.nl\/fr\/wp-json\/wp\/v2\/afmeting?post=27535"},{"taxonomy":"breedte","embeddable":true,"href":"https:\/\/beurswand.nl\/fr\/wp-json\/wp\/v2\/breedte?post=27535"},{"taxonomy":"design-oppervlakte","embeddable":true,"href":"https:\/\/beurswand.nl\/fr\/wp-json\/wp\/v2\/design-oppervlakte?post=27535"},{"taxonomy":"design-opstelling","embeddable":true,"href":"https:\/\/beurswand.nl\/fr\/wp-json\/wp\/v2\/design-opstelling?post=27535"},{"taxonomy":"design-optie","embeddable":true,"href":"https:\/\/beurswand.nl\/fr\/wp-json\/wp\/v2\/design-optie?post=27535"},{"taxonomy":"diepte","embeddable":true,"href":"https:\/\/beurswand.nl\/fr\/wp-json\/wp\/v2\/diepte?post=27535"},{"taxonomy":"oppervlakte","embeddable":true,"href":"https:\/\/beurswand.nl\/fr\/wp-json\/wp\/v2\/oppervlakte?post=27535"},{"taxonomy":"opstelling","embeddable":true,"href":"https:\/\/beurswand.nl\/fr\/wp-json\/wp\/v2\/opstelling?post=27535"},{"taxonomy":"optie","embeddable":true,"href":"https:\/\/beurswand.nl\/fr\/wp-json\/wp\/v2\/optie?post=27535"},{"taxonomy":"pijler","embeddable":true,"href":"https:\/\/beurswand.nl\/fr\/wp-json\/wp\/v2\/pijler?post=27535"},{"taxonomy":"product_brand","embeddable":true,"href":"https:\/\/beurswand.nl\/fr\/wp-json\/wp\/v2\/product_brand?post=27535"},{"taxonomy":"product_cat","embeddable":true,"href":"https:\/\/beurswand.nl\/fr\/wp-json\/wp\/v2\/product_cat?post=27535"},{"taxonomy":"product_tag","embeddable":true,"href":"https:\/\/beurswand.nl\/fr\/wp-json\/wp\/v2\/product_tag?post=27535"}],"curies":[{"name":"wp","href":"https:\/\/api.w.org\/{rel}","templated":true}]}}

<p class="p3">Le cadre LED portable – 150 × 250 cm est un cadre LED double face extra haut avec un profil en aluminium élégant de 14 cm. Avec une largeur de 150 cm et une hauteur de 250 cm, vous créez un mur visuel puissant qui ressort de loin. Grâce à l’éclairage des bords et aux imprimés textiles SEG interchangeables, vous pouvez présenter votre marque de façon lumineuse, professionnelle et uniformément éclairée des deux côtés.  </p>
<hr>
<h3><b>Pourquoi choisir le cadre LED portable 150 × 250 cm ?</b></h3>
<h4><b>Hauteur supplémentaire pour un impact maximal</b></h4>
<p class="p3">Avec une hauteur de 250 cm, ce modèle est idéal pour les environnements où la visibilité à longue distance est importante. L’espace vertical supplémentaire permet d’appliquer des visuels puissants, des images de produits en taille réelle ou un branding impressionnant. </p>
<h4><b>Choix du type de LED et de la position de la lumière</b></h4>
<p class="p3">Vous pouvez choisir entre une LED standard ou une LED Power pour une intensité lumineuse supplémentaire. De plus, vous déterminez vous-même la configuration des lumières : gauche et droite, haut et bas ou tout autour sur quatre côtés. Ainsi, l’éclairage est adapté à votre application et à votre emplacement.  </p>
<h4><b>Imprimés textiles double face et interchangeables</b></h4>
<p class="p3">Les estampes sont réalisées sur des textiles de haute qualité et finies avec le système Silicon Edge System (SEG). Grâce à l’impression sublimation, vous pouvez profiter de couleurs profondes et de détails nets. Avec une nouvelle campagne, il suffit de remplacer les tirages sans remplacer le cadre.  </p>
<h4><b>Construction en aluminium durable</b></h4>
<p class="p3">Le cadre est en aluminium robuste et est monté avec une clé Allen. Le profil de 14 cm garantit stabilité et une apparence de haute qualité, même avec cette version supérieure de 250 cm. </p>
<hr>
<h3><b>Applications</b></h3>
<p class="p3">Le cadre LED portable 150 × 250 cm convient particulièrement comme mur arrière pour une foire commerciale, arrière-plan pour enceintes ou comme exposition accrocheuse dans les showrooms et les environnements professionnels. Grâce à son design double face, le cadre est idéal pour un placement autonome dans les espaces ouverts. </p>
<hr>
<h3><b>Spécifications techniques</b></h3>
<ul>
<li class="p3"><strong>Largeur :</strong> 150 cm</li>
<li class="p3"><strong>Hauteur :</strong> 250 cm</li>
<li class="p3"><strong>Poids :</strong> 36 kg</li>
<li class="p3"><strong>Largeur de la bande de bande de bande :</strong> 14 cm</li>
<li class="p3"><strong>Construction :</strong> Aluminium (ALU)</li>
<li class="p3"><strong>Matériel d’impression :</strong> Textiles</li>
<li class="p3"><strong>Technique d’impression :</strong> Impression par sublimation</li>
<li class="p3"><strong>Éclairage :</strong> Éclairage de bord (LED ou LED Power)</li>
<li class="p3"><strong>Options d’éclairage :</strong> Gauche-Droite | De haut en bas | 4 Faces</li>
<li class="p3"><strong>Type d’impression :</strong> Double face</li>
<li class="p3"><strong>Système :</strong> Système de bord en silicium (SEG)</li>
<li class="p3"><strong>Installation :</strong> Assemblage avec clé Allen</li>
</ul>

<p>Le cadre LED portable – 150 × 250 cm est un cadre LED extra-haut à double face avec un profil aluminium de 14 cm et des imprimés textiles SEG interchangeables. Disponible avec LED standard ou LED Power et plusieurs configurations lumineuses pour une visibilité maximale lors des salons professionnels et événements. </p>
