{"id":27558,"date":"2026-02-10T14:15:49","date_gmt":"2026-02-10T14:15:49","guid":{"rendered":"https:\/\/beurswand.nl\/product\/cadre-led-portable-300-x-250-cm\/"},"modified":"2026-02-10T14:15:49","modified_gmt":"2026-02-10T14:15:49","slug":"cadre-led-portable-300-x-250-cm","status":"publish","type":"product","link":"https:\/\/beurswand.nl\/fr\/product\/cadre-led-portable-300-x-250-cm\/","title":{"rendered":"Cadre LED portable - 300 x 250 cm"},"content":{"rendered":"<p class=\"p3\">Le cadre LED portable \u2013 300 \u00d7 250 cm est un cadre LED r\u00e9tro\u00e9clair\u00e9 double face avec un profil aluminium de 14 cm. Avec une largeur de 300 cm et une hauteur de 250 cm, ce mod\u00e8le offre un espace de pr\u00e9sentation spacieux et professionnel pour les salons professionnels, les showrooms et les environnements d\u2019affaires. Gr\u00e2ce \u00e0 l\u2019\u00e9clairage des bords et aux imprim\u00e9s textiles SEG interchangeables, vous pouvez pr\u00e9senter votre marque de fa\u00e7on lumineuse, propre et uniforme des deux c\u00f4t\u00e9s.  <\/p>\n<hr>\n<h3><b>Pourquoi choisir le cadre LED portable 300 \u00d7 250 cm ?<\/b><\/h3>\n<h4><b>Taille spacieuse pour une forte pr\u00e9sentation de la marque<\/b><\/h4>\n<p class=\"p3\">Avec une largeur de 300 cm et une hauteur de 250 cm, vous disposez d\u2019une surface g\u00e9n\u00e9reuse pour des visuels puissants, une communication de marque et des images grandeur nature. Ce format convient comme mur d\u2019exposition central ou dans un ensemble de stands plus vaste. <\/p>\n<h4><b>Choix du type de LED et de la configuration de l\u2019\u00e9clairage<\/b><\/h4>\n<p class=\"p3\">Vous pouvez choisir entre une LED standard ou une LED de puissance pour une puissance de lumi\u00e8re plus \u00e9lev\u00e9e. De plus, vous d\u00e9terminez vous-m\u00eame la position de la lumi\u00e8re : gauche et droite, haut et bas ou tout autour sur quatre c\u00f4t\u00e9s. Ainsi, l\u2019\u00e9clairage est adapt\u00e9 \u00e0 votre emplacement et \u00e0 l\u2019apparence souhait\u00e9e.  <\/p>\n<h4><b>Imprim\u00e9s textiles double face et interchangeables<\/b><\/h4>\n<p class=\"p3\">Les imprim\u00e9s sont r\u00e9alis\u00e9s sur des textiles de haute qualit\u00e9 et tendus fermement dans le cadre via le Silicon Edge System (SEG). Gr\u00e2ce \u00e0 l\u2019impression sublimation, vous pouvez profiter de couleurs profondes et de d\u00e9tails nets. Avec une nouvelle campagne, il suffit de remplacer les empreintes tout en conservant la construction.  <\/p>\n<h4><b>Construction en aluminium robuste<\/b><\/h4>\n<p class=\"p3\">Le cadre est en aluminium durable et est mont\u00e9 avec une touche Allen. Le profil de 14 cm assure la stabilit\u00e9 et une apparence de haute qualit\u00e9 lors d\u2019une utilisation intensive lors d\u2019\u00e9v\u00e9nements. <\/p>\n<hr>\n<h3><b>Applications<\/b><\/h3>\n<p class=\"p3\">Le cadre LED portable de 300 \u00d7 250 cm convient comme mur arri\u00e8re pour une foire professionnelle, un mur de pr\u00e9sentation ou un exposant ind\u00e9pendant dans des espaces ouverts. Gr\u00e2ce \u00e0 la conception \u00e0 double face, le mod\u00e8le peut \u00eatre utilis\u00e9 efficacement dans des environnements o\u00f9 la visibilit\u00e9 depuis plusieurs directions est importante. <\/p>\n<hr>\n<h3><b>Sp\u00e9cifications techniques<\/b><\/h3>\n<ul>\n<li class=\"p3\"><strong>Largeur :<\/strong> 300 cm<\/li>\n<li class=\"p3\"><strong>Hauteur :<\/strong> 250 cm<\/li>\n<li class=\"p3\"><strong>Poids :<\/strong> 52 kg<\/li>\n<li class=\"p3\"><strong>Largeur de la bande de bande de bande :<\/strong> 14 cm<\/li>\n<li class=\"p3\"><strong>Construction :<\/strong> Aluminium (ALU)<\/li>\n<li class=\"p3\"><strong>Mat\u00e9riel d\u2019impression :<\/strong> Textiles<\/li>\n<li class=\"p3\"><strong>Technique d\u2019impression :<\/strong> Impression par sublimation<\/li>\n<li class=\"p3\"><strong>\u00c9clairage :<\/strong> \u00c9clairage de bord (LED ou LED Power)<\/li>\n<li class=\"p3\"><strong>Options d\u2019\u00e9clairage :<\/strong> Gauche-Droite | De haut en bas | 4 Faces<\/li>\n<li class=\"p3\"><strong>Type d\u2019impression :<\/strong> Double face<\/li>\n<li class=\"p3\"><strong>Syst\u00e8me :<\/strong> Syst\u00e8me de bord en silicium (SEG)<\/li>\n<li class=\"p3\"><strong>Installation :<\/strong> Assemblage avec cl\u00e9 Allen<\/li>\n<\/ul>\n","protected":false},"excerpt":{"rendered":"<p class=\"p1\">Le cadre LED portable \u2013 300 \u00d7 250 cm est un cadre LED double face avec un profil aluminium de 14 cm et des imprim\u00e9s textiles SEG interchangeables. Disponible avec LED standard ou LED Power et diverses configurations d\u2019\u00e9clairage pour une pr\u00e9sentation professionnelle et flexible de la marque. <\/p>\n","protected":false},"featured_media":27560,"comment_status":"open","ping_status":"closed","template":"","meta":{"_acf_changed":false,"site-sidebar-layout":"default","site-content-layout":"","ast-site-content-layout":"default","site-content-style":"default","site-sidebar-style":"default","ast-global-header-display":"","ast-banner-title-visibility":"","ast-main-header-display":"","ast-hfb-above-header-display":"","ast-hfb-below-header-display":"","ast-hfb-mobile-header-display":"","site-post-title":"","ast-breadcrumbs-content":"","ast-featured-img":"","footer-sml-layout":"","ast-disable-related-posts":"","theme-transparent-header-meta":"default","adv-header-id-meta":"","stick-header-meta":"default","header-above-stick-meta":"","header-main-stick-meta":"","header-below-stick-meta":"","astra-migrate-meta-layouts":"default","ast-page-background-enabled":"default","ast-page-background-meta":{"desktop":{"background-color":"","background-image":"","background-repeat":"repeat","background-position":"center center","background-size":"auto","background-attachment":"scroll","background-type":"","background-media":"","overlay-type":"","overlay-color":"","overlay-opacity":"","overlay-gradient":""},"tablet":{"background-color":"","background-image":"","background-repeat":"repeat","background-position":"center center","background-size":"auto","background-attachment":"scroll","background-type":"","background-media":"","overlay-type":"","overlay-color":"","overlay-opacity":"","overlay-gradient":""},"mobile":{"background-color":"","background-image":"","background-repeat":"repeat","background-position":"center center","background-size":"auto","background-attachment":"scroll","background-type":"","background-media":"","overlay-type":"","overlay-color":"","overlay-opacity":"","overlay-gradient":""}},"ast-content-background-meta":{"desktop":{"background-color":"var(--ast-global-color-5)","background-image":"","background-repeat":"repeat","background-position":"center center","background-size":"auto","background-attachment":"scroll","background-type":"","background-media":"","overlay-type":"","overlay-color":"","overlay-opacity":"","overlay-gradient":""},"tablet":{"background-color":"var(--ast-global-color-5)","background-image":"","background-repeat":"repeat","background-position":"center center","background-size":"auto","background-attachment":"scroll","background-type":"","background-media":"","overlay-type":"","overlay-color":"","overlay-opacity":"","overlay-gradient":""},"mobile":{"background-color":"var(--ast-global-color-5)","background-image":"","background-repeat":"repeat","background-position":"center center","background-size":"auto","background-attachment":"scroll","background-type":"","background-media":"","overlay-type":"","overlay-color":"","overlay-opacity":"","overlay-gradient":""}}},"afmeting":[771],"breedte":[],"design-oppervlakte":[],"design-opstelling":[],"design-optie":[752],"diepte":[],"oppervlakte":[],"opstelling":[],"optie":[],"pijler":[839],"product_brand":[],"product_cat":[725],"product_tag":[],"class_list":["post-27558","product","type-product","status-publish","has-post-thumbnail","afmeting-300-x-250-cm","design-optie-lmd-modulaire","pijler-portable-led-frames","product_cat-non-categorisee","desktop-align-left","tablet-align-left","mobile-align-left","first","instock","shipping-taxable","product-type-variable","has-default-attributes"],"acf":[],"_links":{"self":[{"href":"https:\/\/beurswand.nl\/fr\/wp-json\/wp\/v2\/product\/27558","targetHints":{"allow":["GET"]}}],"collection":[{"href":"https:\/\/beurswand.nl\/fr\/wp-json\/wp\/v2\/product"}],"about":[{"href":"https:\/\/beurswand.nl\/fr\/wp-json\/wp\/v2\/types\/product"}],"replies":[{"embeddable":true,"href":"https:\/\/beurswand.nl\/fr\/wp-json\/wp\/v2\/comments?post=27558"}],"version-history":[{"count":0,"href":"https:\/\/beurswand.nl\/fr\/wp-json\/wp\/v2\/product\/27558\/revisions"}],"wp:featuredmedia":[{"embeddable":true,"href":"https:\/\/beurswand.nl\/fr\/wp-json\/wp\/v2\/media\/27560"}],"wp:attachment":[{"href":"https:\/\/beurswand.nl\/fr\/wp-json\/wp\/v2\/media?parent=27558"}],"wp:term":[{"taxonomy":"afmeting","embeddable":true,"href":"https:\/\/beurswand.nl\/fr\/wp-json\/wp\/v2\/afmeting?post=27558"},{"taxonomy":"breedte","embeddable":true,"href":"https:\/\/beurswand.nl\/fr\/wp-json\/wp\/v2\/breedte?post=27558"},{"taxonomy":"design-oppervlakte","embeddable":true,"href":"https:\/\/beurswand.nl\/fr\/wp-json\/wp\/v2\/design-oppervlakte?post=27558"},{"taxonomy":"design-opstelling","embeddable":true,"href":"https:\/\/beurswand.nl\/fr\/wp-json\/wp\/v2\/design-opstelling?post=27558"},{"taxonomy":"design-optie","embeddable":true,"href":"https:\/\/beurswand.nl\/fr\/wp-json\/wp\/v2\/design-optie?post=27558"},{"taxonomy":"diepte","embeddable":true,"href":"https:\/\/beurswand.nl\/fr\/wp-json\/wp\/v2\/diepte?post=27558"},{"taxonomy":"oppervlakte","embeddable":true,"href":"https:\/\/beurswand.nl\/fr\/wp-json\/wp\/v2\/oppervlakte?post=27558"},{"taxonomy":"opstelling","embeddable":true,"href":"https:\/\/beurswand.nl\/fr\/wp-json\/wp\/v2\/opstelling?post=27558"},{"taxonomy":"optie","embeddable":true,"href":"https:\/\/beurswand.nl\/fr\/wp-json\/wp\/v2\/optie?post=27558"},{"taxonomy":"pijler","embeddable":true,"href":"https:\/\/beurswand.nl\/fr\/wp-json\/wp\/v2\/pijler?post=27558"},{"taxonomy":"product_brand","embeddable":true,"href":"https:\/\/beurswand.nl\/fr\/wp-json\/wp\/v2\/product_brand?post=27558"},{"taxonomy":"product_cat","embeddable":true,"href":"https:\/\/beurswand.nl\/fr\/wp-json\/wp\/v2\/product_cat?post=27558"},{"taxonomy":"product_tag","embeddable":true,"href":"https:\/\/beurswand.nl\/fr\/wp-json\/wp\/v2\/product_tag?post=27558"}],"curies":[{"name":"wp","href":"https:\/\/api.w.org\/{rel}","templated":true}]}}

<p class="p3">Le cadre LED portable – 300 × 250 cm est un cadre LED rétroéclairé double face avec un profil aluminium de 14 cm. Avec une largeur de 300 cm et une hauteur de 250 cm, ce modèle offre un espace de présentation spacieux et professionnel pour les salons professionnels, les showrooms et les environnements d’affaires. Grâce à l’éclairage des bords et aux imprimés textiles SEG interchangeables, vous pouvez présenter votre marque de façon lumineuse, propre et uniforme des deux côtés.  </p>
<hr>
<h3><b>Pourquoi choisir le cadre LED portable 300 × 250 cm ?</b></h3>
<h4><b>Taille spacieuse pour une forte présentation de la marque</b></h4>
<p class="p3">Avec une largeur de 300 cm et une hauteur de 250 cm, vous disposez d’une surface généreuse pour des visuels puissants, une communication de marque et des images grandeur nature. Ce format convient comme mur d’exposition central ou dans un ensemble de stands plus vaste. </p>
<h4><b>Choix du type de LED et de la configuration de l’éclairage</b></h4>
<p class="p3">Vous pouvez choisir entre une LED standard ou une LED de puissance pour une puissance de lumière plus élevée. De plus, vous déterminez vous-même la position de la lumière : gauche et droite, haut et bas ou tout autour sur quatre côtés. Ainsi, l’éclairage est adapté à votre emplacement et à l’apparence souhaitée.  </p>
<h4><b>Imprimés textiles double face et interchangeables</b></h4>
<p class="p3">Les imprimés sont réalisés sur des textiles de haute qualité et tendus fermement dans le cadre via le Silicon Edge System (SEG). Grâce à l’impression sublimation, vous pouvez profiter de couleurs profondes et de détails nets. Avec une nouvelle campagne, il suffit de remplacer les empreintes tout en conservant la construction.  </p>
<h4><b>Construction en aluminium robuste</b></h4>
<p class="p3">Le cadre est en aluminium durable et est monté avec une touche Allen. Le profil de 14 cm assure la stabilité et une apparence de haute qualité lors d’une utilisation intensive lors d’événements. </p>
<hr>
<h3><b>Applications</b></h3>
<p class="p3">Le cadre LED portable de 300 × 250 cm convient comme mur arrière pour une foire professionnelle, un mur de présentation ou un exposant indépendant dans des espaces ouverts. Grâce à la conception à double face, le modèle peut être utilisé efficacement dans des environnements où la visibilité depuis plusieurs directions est importante. </p>
<hr>
<h3><b>Spécifications techniques</b></h3>
<ul>
<li class="p3"><strong>Largeur :</strong> 300 cm</li>
<li class="p3"><strong>Hauteur :</strong> 250 cm</li>
<li class="p3"><strong>Poids :</strong> 52 kg</li>
<li class="p3"><strong>Largeur de la bande de bande de bande :</strong> 14 cm</li>
<li class="p3"><strong>Construction :</strong> Aluminium (ALU)</li>
<li class="p3"><strong>Matériel d’impression :</strong> Textiles</li>
<li class="p3"><strong>Technique d’impression :</strong> Impression par sublimation</li>
<li class="p3"><strong>Éclairage :</strong> Éclairage de bord (LED ou LED Power)</li>
<li class="p3"><strong>Options d’éclairage :</strong> Gauche-Droite | De haut en bas | 4 Faces</li>
<li class="p3"><strong>Type d’impression :</strong> Double face</li>
<li class="p3"><strong>Système :</strong> Système de bord en silicium (SEG)</li>
<li class="p3"><strong>Installation :</strong> Assemblage avec clé Allen</li>
</ul>

<p class="p1">Le cadre LED portable – 300 × 250 cm est un cadre LED double face avec un profil aluminium de 14 cm et des imprimés textiles SEG interchangeables. Disponible avec LED standard ou LED Power et diverses configurations d’éclairage pour une présentation professionnelle et flexible de la marque. </p>
