{"id":27564,"date":"2026-02-10T14:06:48","date_gmt":"2026-02-10T14:06:48","guid":{"rendered":"https:\/\/beurswand.nl\/product\/cadre-led-portable-300-x-200-cm\/"},"modified":"2026-02-10T14:06:48","modified_gmt":"2026-02-10T14:06:48","slug":"cadre-led-portable-300-x-200-cm","status":"publish","type":"product","link":"https:\/\/beurswand.nl\/fr\/product\/cadre-led-portable-300-x-200-cm\/","title":{"rendered":"Cadre LED portable - 300 x 200 cm"},"content":{"rendered":"<p class=\"p3\">Le cadre LED portable \u2013 300 \u00d7 200 cm est un cadre LED double face extra large avec un profil robuste en aluminium de 14 cm. Avec une largeur de 300 cm et une hauteur de 200 cm, vous pouvez cr\u00e9er un mur illumin\u00e9 imposant offrant une visibilit\u00e9 maximale lors des foires, des showrooms et lors de pr\u00e9sentations professionnelles. Gr\u00e2ce \u00e0 l\u2019\u00e9clairage des bords et aux imprim\u00e9s textiles SEG interchangeables, vous pouvez pr\u00e9senter votre marque de mani\u00e8re propre, claire et professionnelle des deux c\u00f4t\u00e9s.  <\/p>\n<hr>\n<h3><b>Pourquoi choisir le cadre LED portable 300 \u00d7 200 cm ?<\/b><\/h3>\n<h4><b>Pr\u00e9sentation extra-large pour un impact maximal<\/b><\/h4>\n<p class=\"p3\">Avec une largeur de 300 cm, ce mod\u00e8le offre une grande surface visuelle id\u00e9ale pour les images panoramiques, la communication de marque approfondie ou la pr\u00e9sentation de produits grandeur nature. La largeur horizontale assure des lignes de vue solides sur les salons d\u2019exposition tr\u00e8s fr\u00e9quent\u00e9s. <\/p>\n<h4><b>Choix du type de LED et de la configuration de l\u2019\u00e9clairage<\/b><\/h4>\n<p class=\"p3\">Vous pouvez choisir entre une LED standard ou une LED Power pour une intensit\u00e9 lumineuse suppl\u00e9mentaire. De plus, vous d\u00e9terminez vous-m\u00eame la position de l\u2019\u00e9clairage : gauche et droite, en haut et en bas, ou tout autour sur quatre c\u00f4t\u00e9s. Ainsi, la distribution de la lumi\u00e8re est adapt\u00e9e \u00e0 votre application sp\u00e9cifique.  <\/p>\n<h4><b>Imprim\u00e9s textiles double face et interchangeables<\/b><\/h4>\n<p class=\"p3\">Les imprim\u00e9s textiles sont tendues fermement dans le cadre gr\u00e2ce au syst\u00e8me Silicon Edge System (SEG). Gr\u00e2ce \u00e0 la technologie d\u2019impression par sublimation, vous b\u00e9n\u00e9ficiez de couleurs profondes et de d\u00e9tails d\u2019une nettet\u00e9 extr\u00eame. Avec une nouvelle campagne, vous pouvez facilement remplacer les tirages tout en conservant la construction en aluminium.  <\/p>\n<h4><b>Construction en aluminium durable<\/b><\/h4>\n<p class=\"p3\">Le cadre est en aluminium de haute qualit\u00e9 et est mont\u00e9 avec une cl\u00e9 Allen. Le profil de 14 cm garantit la stabilit\u00e9 et un look premium, m\u00eame avec cette version extra-large de 300 cm. <\/p>\n<hr>\n<h3><b>Applications<\/b><\/h3>\n<p class=\"p3\">Le cadre LED portable de 300 \u00d7 200 cm est id\u00e9al comme mur arri\u00e8re d\u2019exposition, mur de pr\u00e9sentation ou cloison visuelle dans des stands plus grands. Gr\u00e2ce \u00e0 sa conception double face, le mod\u00e8le est particuli\u00e8rement adapt\u00e9 \u00e0 une installation autonome dans des espaces ouverts o\u00f9 la visibilit\u00e9 depuis plusieurs directions est essentielle. <\/p>\n<hr>\n<h3><b>Sp\u00e9cifications techniques<\/b><\/h3>\n<ul>\n<li class=\"p3\"><strong>Largeur :<\/strong> 300 cm<\/li>\n<li class=\"p3\"><strong>Hauteur :<\/strong> 200 cm<\/li>\n<li class=\"p3\"><strong>Poids :<\/strong> 48 kg<\/li>\n<li class=\"p3\"><strong>Largeur de la bande de bande de bande :<\/strong> 14 cm<\/li>\n<li class=\"p3\"><strong>Construction :<\/strong> Aluminium (ALU)<\/li>\n<li class=\"p3\"><strong>Mat\u00e9riel d\u2019impression :<\/strong> Textiles<\/li>\n<li class=\"p3\"><strong>Technique d\u2019impression :<\/strong> Impression par sublimation<\/li>\n<li class=\"p3\"><strong>\u00c9clairage :<\/strong> \u00c9clairage de bord (LED ou LED Power)<\/li>\n<li class=\"p3\"><strong>Options d\u2019\u00e9clairage :<\/strong> Gauche-Droite | De haut en bas | 4 Faces<\/li>\n<li class=\"p3\"><strong>Type d\u2019impression :<\/strong> Double face<\/li>\n<li class=\"p3\"><strong>Syst\u00e8me :<\/strong> Syst\u00e8me de bord en silicium (SEG)<\/li>\n<li class=\"p3\"><strong>Installation :<\/strong> Assemblage avec cl\u00e9 Allen<\/li>\n<\/ul>\n","protected":false},"excerpt":{"rendered":"<p class=\"p1\">Le cadre LED portable \u2013 300 \u00d7 200 cm est un cadre LED extra-large et double face avec un profil aluminium de 14 cm et des imprim\u00e9s textiles SEG interchangeables. Disponible avec LED standard ou LED Power et plusieurs configurations lumineuses pour une pr\u00e9sentation de marque puissante et professionnelle. <\/p>\n","protected":false},"featured_media":27566,"comment_status":"open","ping_status":"closed","template":"","meta":{"_acf_changed":false,"site-sidebar-layout":"default","site-content-layout":"","ast-site-content-layout":"default","site-content-style":"default","site-sidebar-style":"default","ast-global-header-display":"","ast-banner-title-visibility":"","ast-main-header-display":"","ast-hfb-above-header-display":"","ast-hfb-below-header-display":"","ast-hfb-mobile-header-display":"","site-post-title":"","ast-breadcrumbs-content":"","ast-featured-img":"","footer-sml-layout":"","ast-disable-related-posts":"","theme-transparent-header-meta":"default","adv-header-id-meta":"","stick-header-meta":"default","header-above-stick-meta":"","header-main-stick-meta":"","header-below-stick-meta":"","astra-migrate-meta-layouts":"default","ast-page-background-enabled":"default","ast-page-background-meta":{"desktop":{"background-color":"","background-image":"","background-repeat":"repeat","background-position":"center center","background-size":"auto","background-attachment":"scroll","background-type":"","background-media":"","overlay-type":"","overlay-color":"","overlay-opacity":"","overlay-gradient":""},"tablet":{"background-color":"","background-image":"","background-repeat":"repeat","background-position":"center center","background-size":"auto","background-attachment":"scroll","background-type":"","background-media":"","overlay-type":"","overlay-color":"","overlay-opacity":"","overlay-gradient":""},"mobile":{"background-color":"","background-image":"","background-repeat":"repeat","background-position":"center center","background-size":"auto","background-attachment":"scroll","background-type":"","background-media":"","overlay-type":"","overlay-color":"","overlay-opacity":"","overlay-gradient":""}},"ast-content-background-meta":{"desktop":{"background-color":"var(--ast-global-color-5)","background-image":"","background-repeat":"repeat","background-position":"center center","background-size":"auto","background-attachment":"scroll","background-type":"","background-media":"","overlay-type":"","overlay-color":"","overlay-opacity":"","overlay-gradient":""},"tablet":{"background-color":"var(--ast-global-color-5)","background-image":"","background-repeat":"repeat","background-position":"center center","background-size":"auto","background-attachment":"scroll","background-type":"","background-media":"","overlay-type":"","overlay-color":"","overlay-opacity":"","overlay-gradient":""},"mobile":{"background-color":"var(--ast-global-color-5)","background-image":"","background-repeat":"repeat","background-position":"center center","background-size":"auto","background-attachment":"scroll","background-type":"","background-media":"","overlay-type":"","overlay-color":"","overlay-opacity":"","overlay-gradient":""}}},"afmeting":[774],"breedte":[],"design-oppervlakte":[],"design-opstelling":[],"design-optie":[752],"diepte":[],"oppervlakte":[],"opstelling":[],"optie":[],"pijler":[839],"product_brand":[],"product_cat":[725],"product_tag":[],"class_list":["post-27564","product","type-product","status-publish","has-post-thumbnail","afmeting-300-x-200-cm","design-optie-lmd-modulaire","pijler-portable-led-frames","product_cat-non-categorisee","desktop-align-left","tablet-align-left","mobile-align-left","first","instock","shipping-taxable","product-type-variable","has-default-attributes"],"acf":[],"_links":{"self":[{"href":"https:\/\/beurswand.nl\/fr\/wp-json\/wp\/v2\/product\/27564","targetHints":{"allow":["GET"]}}],"collection":[{"href":"https:\/\/beurswand.nl\/fr\/wp-json\/wp\/v2\/product"}],"about":[{"href":"https:\/\/beurswand.nl\/fr\/wp-json\/wp\/v2\/types\/product"}],"replies":[{"embeddable":true,"href":"https:\/\/beurswand.nl\/fr\/wp-json\/wp\/v2\/comments?post=27564"}],"version-history":[{"count":0,"href":"https:\/\/beurswand.nl\/fr\/wp-json\/wp\/v2\/product\/27564\/revisions"}],"wp:featuredmedia":[{"embeddable":true,"href":"https:\/\/beurswand.nl\/fr\/wp-json\/wp\/v2\/media\/27566"}],"wp:attachment":[{"href":"https:\/\/beurswand.nl\/fr\/wp-json\/wp\/v2\/media?parent=27564"}],"wp:term":[{"taxonomy":"afmeting","embeddable":true,"href":"https:\/\/beurswand.nl\/fr\/wp-json\/wp\/v2\/afmeting?post=27564"},{"taxonomy":"breedte","embeddable":true,"href":"https:\/\/beurswand.nl\/fr\/wp-json\/wp\/v2\/breedte?post=27564"},{"taxonomy":"design-oppervlakte","embeddable":true,"href":"https:\/\/beurswand.nl\/fr\/wp-json\/wp\/v2\/design-oppervlakte?post=27564"},{"taxonomy":"design-opstelling","embeddable":true,"href":"https:\/\/beurswand.nl\/fr\/wp-json\/wp\/v2\/design-opstelling?post=27564"},{"taxonomy":"design-optie","embeddable":true,"href":"https:\/\/beurswand.nl\/fr\/wp-json\/wp\/v2\/design-optie?post=27564"},{"taxonomy":"diepte","embeddable":true,"href":"https:\/\/beurswand.nl\/fr\/wp-json\/wp\/v2\/diepte?post=27564"},{"taxonomy":"oppervlakte","embeddable":true,"href":"https:\/\/beurswand.nl\/fr\/wp-json\/wp\/v2\/oppervlakte?post=27564"},{"taxonomy":"opstelling","embeddable":true,"href":"https:\/\/beurswand.nl\/fr\/wp-json\/wp\/v2\/opstelling?post=27564"},{"taxonomy":"optie","embeddable":true,"href":"https:\/\/beurswand.nl\/fr\/wp-json\/wp\/v2\/optie?post=27564"},{"taxonomy":"pijler","embeddable":true,"href":"https:\/\/beurswand.nl\/fr\/wp-json\/wp\/v2\/pijler?post=27564"},{"taxonomy":"product_brand","embeddable":true,"href":"https:\/\/beurswand.nl\/fr\/wp-json\/wp\/v2\/product_brand?post=27564"},{"taxonomy":"product_cat","embeddable":true,"href":"https:\/\/beurswand.nl\/fr\/wp-json\/wp\/v2\/product_cat?post=27564"},{"taxonomy":"product_tag","embeddable":true,"href":"https:\/\/beurswand.nl\/fr\/wp-json\/wp\/v2\/product_tag?post=27564"}],"curies":[{"name":"wp","href":"https:\/\/api.w.org\/{rel}","templated":true}]}}

<p class="p3">Le cadre LED portable – 300 × 200 cm est un cadre LED double face extra large avec un profil robuste en aluminium de 14 cm. Avec une largeur de 300 cm et une hauteur de 200 cm, vous pouvez créer un mur illuminé imposant offrant une visibilité maximale lors des foires, des showrooms et lors de présentations professionnelles. Grâce à l’éclairage des bords et aux imprimés textiles SEG interchangeables, vous pouvez présenter votre marque de manière propre, claire et professionnelle des deux côtés.  </p>
<hr>
<h3><b>Pourquoi choisir le cadre LED portable 300 × 200 cm ?</b></h3>
<h4><b>Présentation extra-large pour un impact maximal</b></h4>
<p class="p3">Avec une largeur de 300 cm, ce modèle offre une grande surface visuelle idéale pour les images panoramiques, la communication de marque approfondie ou la présentation de produits grandeur nature. La largeur horizontale assure des lignes de vue solides sur les salons d’exposition très fréquentés. </p>
<h4><b>Choix du type de LED et de la configuration de l’éclairage</b></h4>
<p class="p3">Vous pouvez choisir entre une LED standard ou une LED Power pour une intensité lumineuse supplémentaire. De plus, vous déterminez vous-même la position de l’éclairage : gauche et droite, en haut et en bas, ou tout autour sur quatre côtés. Ainsi, la distribution de la lumière est adaptée à votre application spécifique.  </p>
<h4><b>Imprimés textiles double face et interchangeables</b></h4>
<p class="p3">Les imprimés textiles sont tendues fermement dans le cadre grâce au système Silicon Edge System (SEG). Grâce à la technologie d’impression par sublimation, vous bénéficiez de couleurs profondes et de détails d’une netteté extrême. Avec une nouvelle campagne, vous pouvez facilement remplacer les tirages tout en conservant la construction en aluminium.  </p>
<h4><b>Construction en aluminium durable</b></h4>
<p class="p3">Le cadre est en aluminium de haute qualité et est monté avec une clé Allen. Le profil de 14 cm garantit la stabilité et un look premium, même avec cette version extra-large de 300 cm. </p>
<hr>
<h3><b>Applications</b></h3>
<p class="p3">Le cadre LED portable de 300 × 200 cm est idéal comme mur arrière d’exposition, mur de présentation ou cloison visuelle dans des stands plus grands. Grâce à sa conception double face, le modèle est particulièrement adapté à une installation autonome dans des espaces ouverts où la visibilité depuis plusieurs directions est essentielle. </p>
<hr>
<h3><b>Spécifications techniques</b></h3>
<ul>
<li class="p3"><strong>Largeur :</strong> 300 cm</li>
<li class="p3"><strong>Hauteur :</strong> 200 cm</li>
<li class="p3"><strong>Poids :</strong> 48 kg</li>
<li class="p3"><strong>Largeur de la bande de bande de bande :</strong> 14 cm</li>
<li class="p3"><strong>Construction :</strong> Aluminium (ALU)</li>
<li class="p3"><strong>Matériel d’impression :</strong> Textiles</li>
<li class="p3"><strong>Technique d’impression :</strong> Impression par sublimation</li>
<li class="p3"><strong>Éclairage :</strong> Éclairage de bord (LED ou LED Power)</li>
<li class="p3"><strong>Options d’éclairage :</strong> Gauche-Droite | De haut en bas | 4 Faces</li>
<li class="p3"><strong>Type d’impression :</strong> Double face</li>
<li class="p3"><strong>Système :</strong> Système de bord en silicium (SEG)</li>
<li class="p3"><strong>Installation :</strong> Assemblage avec clé Allen</li>
</ul>

<p class="p1">Le cadre LED portable – 300 × 200 cm est un cadre LED extra-large et double face avec un profil aluminium de 14 cm et des imprimés textiles SEG interchangeables. Disponible avec LED standard ou LED Power et plusieurs configurations lumineuses pour une présentation de marque puissante et professionnelle. </p>
