{"id":30068,"date":"2026-03-23T18:20:14","date_gmt":"2026-03-23T17:20:14","guid":{"rendered":"https:\/\/beurswand.nl\/?p=30068"},"modified":"2026-03-23T18:20:14","modified_gmt":"2026-03-23T17:20:14","slug":"stand-dexposition-design-152-fr","status":"publish","type":"product","link":"https:\/\/beurswand.nl\/fr\/product\/stand-dexposition-design-152-fr\/","title":{"rendered":"Stand d\u2019exposition Design 152"},"content":{"rendered":"<p>Mettez votre marque sous les projecteurs avec le Stand d&rsquo;Exposition Design 152, une prouesse architecturale sp\u00e9cialement con\u00e7ue pour les exposants ambitieux. Ce stand spacieux, adapt\u00e9 aux surfaces de 40 m2 et plus, combine une apparence ouverte avec un impact visuel puissant. Gr\u00e2ce \u00e0 la construction robuste en treillis et au plancher sur\u00e9lev\u00e9 professionnel, il cr\u00e9e une plateforme haut de gamme o\u00f9 votre message ne passe pas inaper\u00e7u. Le point central absolu du stand est le mur LED avanc\u00e9, qui vous permet de partager du contenu dynamique et des visuels d&rsquo;une nettet\u00e9 exceptionnelle qui attirent les visiteurs de loin. Pour accueillir vos relations, le design dispose d&rsquo;un bureau \u00e9l\u00e9gant et d&rsquo;une kitchenette pratique, vous permettant d&rsquo;offrir facilement de l&rsquo;hospitalit\u00e9 dans un cadre professionnel. Que ce soit pour des pr\u00e9sentations de produits ou du r\u00e9seautage, le Design 152 offre le parfait \u00e9quilibre entre fonctionnalit\u00e9 et esth\u00e9tique. \u00cates-vous pr\u00eat \u00e0 \u00e9tablir la norme sur le salon ? Demandez d\u00e8s aujourd&rsquo;hui un devis pour le Design 152 et r\u00e9alisez votre vision.<\/p>\n","protected":false},"excerpt":{"rendered":"<p>Mettez votre marque sous les projecteurs avec le Stand d&rsquo;Exposition Design 152, une prouesse architecturale sp\u00e9cialement con\u00e7ue pour les exposants ambitieux. Ce stand spacieux, adapt\u00e9 aux surfaces de 40 m2 et plus, combine une apparence ouverte avec un impact visuel puissant. Gr\u00e2ce \u00e0 la construction robuste en treillis et au plancher sur\u00e9lev\u00e9 professionnel, il cr\u00e9e [&hellip;]<\/p>\n","protected":false},"featured_media":29798,"comment_status":"closed","ping_status":"closed","template":"","meta":{"_acf_changed":false,"site-sidebar-layout":"default","site-content-layout":"","ast-site-content-layout":"default","site-content-style":"default","site-sidebar-style":"default","ast-global-header-display":"","ast-banner-title-visibility":"","ast-main-header-display":"","ast-hfb-above-header-display":"","ast-hfb-below-header-display":"","ast-hfb-mobile-header-display":"","site-post-title":"","ast-breadcrumbs-content":"","ast-featured-img":"","footer-sml-layout":"","ast-disable-related-posts":"","theme-transparent-header-meta":"","adv-header-id-meta":"","stick-header-meta":"","header-above-stick-meta":"","header-main-stick-meta":"","header-below-stick-meta":"","astra-migrate-meta-layouts":"default","ast-page-background-enabled":"default","ast-page-background-meta":{"desktop":{"background-color":"","background-image":"","background-repeat":"repeat","background-position":"center center","background-size":"auto","background-attachment":"scroll","background-type":"","background-media":"","overlay-type":"","overlay-color":"","overlay-opacity":"","overlay-gradient":""},"tablet":{"background-color":"","background-image":"","background-repeat":"repeat","background-position":"center center","background-size":"auto","background-attachment":"scroll","background-type":"","background-media":"","overlay-type":"","overlay-color":"","overlay-opacity":"","overlay-gradient":""},"mobile":{"background-color":"","background-image":"","background-repeat":"repeat","background-position":"center center","background-size":"auto","background-attachment":"scroll","background-type":"","background-media":"","overlay-type":"","overlay-color":"","overlay-opacity":"","overlay-gradient":""}},"ast-content-background-meta":{"desktop":{"background-color":"var(--ast-global-color-5)","background-image":"","background-repeat":"repeat","background-position":"center center","background-size":"auto","background-attachment":"scroll","background-type":"","background-media":"","overlay-type":"","overlay-color":"","overlay-opacity":"","overlay-gradient":""},"tablet":{"background-color":"var(--ast-global-color-5)","background-image":"","background-repeat":"repeat","background-position":"center center","background-size":"auto","background-attachment":"scroll","background-type":"","background-media":"","overlay-type":"","overlay-color":"","overlay-opacity":"","overlay-gradient":""},"mobile":{"background-color":"var(--ast-global-color-5)","background-image":"","background-repeat":"repeat","background-position":"center center","background-size":"auto","background-attachment":"scroll","background-type":"","background-media":"","overlay-type":"","overlay-color":"","overlay-opacity":"","overlay-gradient":""}}},"afmeting":[],"breedte":[],"design-oppervlakte":[420],"design-opstelling":[386],"design-optie":[397,398,424,442,452],"diepte":[],"oppervlakte":[],"opstelling":[],"optie":[],"pijler":[823],"product_brand":[],"product_cat":[388,390,391,389],"product_tag":[],"class_list":["post-30068","product","type-product","status-publish","has-post-thumbnail","design-oppervlakte-40-m2-et-plus","design-opstelling-stand-peninsule","design-optie-bureau","design-optie-garde-manger","design-optie-mur-de-led","design-optie-plancher-sureleve","design-optie-poutrelle","pijler-standbouw","product_cat-conception","product_cat-options-fr","product_cat-stand-dexposition-type","product_cat-surface-fr","desktop-align-left","tablet-align-left","mobile-align-left","first","instock","product-type-simple"],"acf":[],"_links":{"self":[{"href":"https:\/\/beurswand.nl\/fr\/wp-json\/wp\/v2\/product\/30068","targetHints":{"allow":["GET"]}}],"collection":[{"href":"https:\/\/beurswand.nl\/fr\/wp-json\/wp\/v2\/product"}],"about":[{"href":"https:\/\/beurswand.nl\/fr\/wp-json\/wp\/v2\/types\/product"}],"replies":[{"embeddable":true,"href":"https:\/\/beurswand.nl\/fr\/wp-json\/wp\/v2\/comments?post=30068"}],"version-history":[{"count":0,"href":"https:\/\/beurswand.nl\/fr\/wp-json\/wp\/v2\/product\/30068\/revisions"}],"wp:featuredmedia":[{"embeddable":true,"href":"https:\/\/beurswand.nl\/fr\/wp-json\/wp\/v2\/media\/29798"}],"wp:attachment":[{"href":"https:\/\/beurswand.nl\/fr\/wp-json\/wp\/v2\/media?parent=30068"}],"wp:term":[{"taxonomy":"afmeting","embeddable":true,"href":"https:\/\/beurswand.nl\/fr\/wp-json\/wp\/v2\/afmeting?post=30068"},{"taxonomy":"breedte","embeddable":true,"href":"https:\/\/beurswand.nl\/fr\/wp-json\/wp\/v2\/breedte?post=30068"},{"taxonomy":"design-oppervlakte","embeddable":true,"href":"https:\/\/beurswand.nl\/fr\/wp-json\/wp\/v2\/design-oppervlakte?post=30068"},{"taxonomy":"design-opstelling","embeddable":true,"href":"https:\/\/beurswand.nl\/fr\/wp-json\/wp\/v2\/design-opstelling?post=30068"},{"taxonomy":"design-optie","embeddable":true,"href":"https:\/\/beurswand.nl\/fr\/wp-json\/wp\/v2\/design-optie?post=30068"},{"taxonomy":"diepte","embeddable":true,"href":"https:\/\/beurswand.nl\/fr\/wp-json\/wp\/v2\/diepte?post=30068"},{"taxonomy":"oppervlakte","embeddable":true,"href":"https:\/\/beurswand.nl\/fr\/wp-json\/wp\/v2\/oppervlakte?post=30068"},{"taxonomy":"opstelling","embeddable":true,"href":"https:\/\/beurswand.nl\/fr\/wp-json\/wp\/v2\/opstelling?post=30068"},{"taxonomy":"optie","embeddable":true,"href":"https:\/\/beurswand.nl\/fr\/wp-json\/wp\/v2\/optie?post=30068"},{"taxonomy":"pijler","embeddable":true,"href":"https:\/\/beurswand.nl\/fr\/wp-json\/wp\/v2\/pijler?post=30068"},{"taxonomy":"product_brand","embeddable":true,"href":"https:\/\/beurswand.nl\/fr\/wp-json\/wp\/v2\/product_brand?post=30068"},{"taxonomy":"product_cat","embeddable":true,"href":"https:\/\/beurswand.nl\/fr\/wp-json\/wp\/v2\/product_cat?post=30068"},{"taxonomy":"product_tag","embeddable":true,"href":"https:\/\/beurswand.nl\/fr\/wp-json\/wp\/v2\/product_tag?post=30068"}],"curies":[{"name":"wp","href":"https:\/\/api.w.org\/{rel}","templated":true}]}}

<p>Mettez votre marque sous les projecteurs avec le Stand d&rsquo;Exposition Design 152, une prouesse architecturale spécialement conçue pour les exposants ambitieux. Ce stand spacieux, adapté aux surfaces de 40 m2 et plus, combine une apparence ouverte avec un impact visuel puissant. Grâce à la construction robuste en treillis et au plancher surélevé professionnel, il crée une plateforme haut de gamme où votre message ne passe pas inaperçu. Le point central absolu du stand est le mur LED avancé, qui vous permet de partager du contenu dynamique et des visuels d&rsquo;une netteté exceptionnelle qui attirent les visiteurs de loin. Pour accueillir vos relations, le design dispose d&rsquo;un bureau élégant et d&rsquo;une kitchenette pratique, vous permettant d&rsquo;offrir facilement de l&rsquo;hospitalité dans un cadre professionnel. Que ce soit pour des présentations de produits ou du réseautage, le Design 152 offre le parfait équilibre entre fonctionnalité et esthétique. Êtes-vous prêt à établir la norme sur le salon ? Demandez dès aujourd&rsquo;hui un devis pour le Design 152 et réalisez votre vision.</p>

<p>Mettez votre marque sous les projecteurs avec le Stand d&rsquo;Exposition Design 152, une prouesse architecturale spécialement conçue pour les exposants ambitieux. Ce stand spacieux, adapté aux surfaces de 40 m2 et plus, combine une apparence ouverte avec un impact visuel puissant. Grâce à la construction robuste en treillis et au plancher surélevé professionnel, il crée [&hellip;]</p>
